a prime number?
False
Let g = 63139 - -20908. Is g prime?
True
Suppose -5*d = 3*w - 807752, -324800 = -3*w + 4*d + 482889. Is w a prime number?
False
Let o(y) = -y - y + y - 11*y - 28 + y**2. Let h be o(14). Suppose 7256 = -h*z + 8*z. Is z prime?
True
Let i(t) = 81*t**2 + t + 1. Let h(s) = -6*s - 59. Let v be h(-12). Suppose -v*u = -10*u - 9. Is i(u) a prime number?
True
Suppose -6*x + 173296 = -22*x. Is (2/4*-2)/1*x a composite number?
False
Suppose 1209959 - 5843199 = -32*v - 8*v. Is v prime?
True
Let d(i) = -2*i**3 + 15*i**2 + 7*i - 6. Let r be d(7). Suppose 3*j - 3*b = 2*b + 73, 4*b = 4*j - r. Let y(h) = 27*h - 50. Is y(j) composite?
True
Suppose m + 97 = 4*a - 2*a, 1 = -m. Suppose -a*h + 58*h = 97810. Is h a prime number?
True
Let i be (546 - (-2 - -6))/1. Suppose 7*p = -73 + i. Is p composite?
False
Suppose 14*w - 432233 = 115951. Is w/21 - (-24)/56 composite?
True
Let z = 19928 + -2319. Is z prime?
True
Let f(v) = 19*v**2 - 14*v - 23. Let i(n) = 2*n**2 + 10*n + 14. Let q(l) = -l**2 - 6*l + 35. Let j be q(-10). Let r be i(j). Is f(r) composite?
True
Suppose -4*n - q = -1825, -7*q + 6*q = -5*n + 2270. Suppose 3503 = 12*s + n. Is s composite?
True
Suppose 0 = -13*c + 6*c + 13713. Suppose c + 2124 = 3*x. Is x a composite number?
False
Let b(s) = -14*s + 138. Let l be b(9). Suppose -l*n - 7*n = -515717. Is n prime?
True
Suppose 5*d - 2*k - 29 = 0, 8*k + 23 = 5*d + 4*k. Let h(u) be the third derivative of u**4/6 - 3*u**3/2 - 9*u**2 + 5*u. Is h(d) prime?
True
Suppose 0 = 5*i + 2*c + 6, -6*c + 2*c = 4*i + 12. Let b be (30 + i)*(-764)/(-8). Suppose 3*u + 3*s - b = 0, -4*s + 3*s = -2*u + 1922. Is u a prime number?
False
Suppose 212*t + 5355084 = 17761536. Is t composite?
True
Let d(r) = -r**2 + r + 52. Let j be d(6). Is j/(-33) - (1 + 18296/(-12)) a prime number?
True
Let h be 1/((3/18)/(6/12)). Suppose -h*f - 2*y = -9009, 0 = 3*f + y - 2*y - 9009. Let d = 4322 - f. Is d composite?
False
Suppose -4*h - 33 = -2*r - 3*r, 2*h - 16 = -4*r. Suppose -5*a = -4*z + 20, 2*a - 4*z = -z - 15. Suppose a = -r*c - 3*g + 231 + 2486, c - 545 = -g. Is c prime?
True
Let j(l) be the third derivative of l**5/10 - 13*l**4/24 + 4*l**3/3 + 28*l**2. Let k(s) = -s**2. Let w(h) = j(h) - 6*k(h). Is w(-9) composite?
False
Suppose -4*v = 14 + 34. Let x(b) = -129*b**3 + 3*b**2 + b + 1. Let w be x(-2). Let u = w - v. Is u a prime number?
False
Suppose 0 = x + 3*f - 4, 2 = x + 2*f. Let z be 0/x - (-17 - 3753). Suppose -10*l + 0*l = -z. Is l composite?
True
Suppose 7 = -2*o + 3*o + k, 3*o - 23 = -5*k. Suppose o*l - 210 - 552 = 0. Is l a composite number?
False
Let z(l) = 6 - 7*l + 12*l**3 - 10*l**2 - 1 - 2*l. Let i be ((-4)/(-2))/(44/11) + (-15)/(-2). Is z(i) a composite number?
False
Suppose 0 = 5*t + 5*f + 25510, t - 4*f + 25483 = -4*t. Let p = 9040 + t. Is p a prime number?
False
Suppose 7 = 4*v + r, 4*v + v = -3*r. Let w = -2513 + 764. Is w*(v + -6)/9 a prime number?
False
Let j(k) = -1856*k - 99. Is j(-5) a composite number?
False
Is (-1 - 3) + (-4 - 6) + -4 + 256289 prime?
False
Let i = 140551 + -63802. Is i prime?
False
Let h(u) = 4*u - 16*u - 20 + 1 - u**2 - 10. Let f be h(-7). Suppose f*k = 8*k - 1066. Is k composite?
True
Let m be (4/(-18))/1 + 218828/9. Suppose 5*y - 4*j - 19705 - m = 0, -3*j - 17602 = -2*y. Is y a composite number?
False
Let l(z) = -106035*z**3 + 91*z**2 + 5*z + 9. Is l(-2) prime?
False
Suppose 0 = -11*g + 3*g - 2088. Let k = 997 + g. Let s = k + -345. Is s a prime number?
False
Suppose 7*q - 7 = -0*q. Suppose 2*o - 3 = -q. Is o/(-3) - 2104/(-3) composite?
False
Suppose -70137 = -2*h - 3*l, 624*l - 629*l + 70139 = 2*h. Is h prime?
False
Let i(q) = -1794*q**3 - q - 2. Suppose -2*v + 18 = 4*d, 5*v = -3*d + 4*v + 13. Let z = d + -5. Is i(z) a composite number?
True
Let h be ((-95)/38)/((-5)/5444). Suppose -314*v = -316*v + h. Is v a prime number?
True
Let z(y) = 70*y**3 - 55*y**2 - 19*y + 347. Is z(16) composite?
False
Let j = 93496 - -37927. Is j a prime number?
False
Let g be 124/44 + (-14)/(-77). Suppose -g*t - w = -3*w - 39845, 3*w - 53155 = -4*t. Is t a composite number?
True
Let p be 0 - ((-21)/(-7) + -7). Suppose -2*b = 2*w - 86888, 0 = 4*b - p*w - 186956 + 13204. Is b a composite number?
False
Suppose -31065833 = 190*d - 35968370 - 72450073. Is d a composite number?
False
Let r = 137879 - 71592. Is r a prime number?
False
Let a(r) = -r**3 - 16*r**2 + 60887. Is a(0) composite?
False
Is 3/(-5) + 912257262/4095 + 4/26 a prime number?
True
Let r = 327678 - 143465. Is r a composite number?
True
Let q(d) = -3*d + 98. Let a be q(0). Let o = 187 - a. Let f = o - -293. Is f composite?
True
Let l(o) = 86756*o - 1117. Is l(3) a composite number?
False
Let b be 1/2 - (-30681)/14. Let a = b + -3228. Is (a/8)/(2/(-4)) a prime number?
False
Suppose 9*q = 14*q - 995. Suppose -2*k + q = -3*z, 5*k - 643 = -3*z - 177. Suppose k = -0*x + 5*x. Is x composite?
False
Suppose -4*o = 3*d - 14231, 17803 = -0*o + 5*o - d. Let g = o - 1764. Suppose h - g = -3*h. Is h a prime number?
True
Let t = 140094 + -43985. Is t a prime number?
False
Let j(p) = 12220*p**2 - 9*p + 10. Is j(-3) a prime number?
True
Is 46/(-115)*(2 - 4498095/10) composite?
False
Let n be (-14)/(7 - 0) - ((-1 - 1) + -1). Let j(a) be the first derivative of 86*a**3 + 3*a**2/2 - 2*a + 2. Is j(n) composite?
True
Let c(m) = 2*m**3 + 23*m**2 + 12*m + 13. Let x be c(-11). Suppose 0 = -4*n + 3*h + 4277, -4*n - x*h + 5906 = 1604. Is n composite?
True
Let d = -67 - -72. Suppose 2470 = -x - d*f + 7776, -4*f - 5351 = -x. Is x a prime number?
False
Suppose 36*g - 40 = 31*g. Suppose -11*z = -g*z - 71313. Suppose 3*m = -8*m + z. Is m a prime number?
True
Suppose -6040481 = -5*x + 4*a, 0 = 3674*x - 3679*x - a + 6040436. Is x composite?
False
Suppose 820641 = 10*f - 347659. Suppose -10940 + f = 10*i. Is i composite?
False
Let g be (-6)/(-2) + (7 - 8). Suppose -g*u = 4*u - 26346. Is u composite?
False
Suppose -23*b = 13*b - 2553003 - 3271689. Is b composite?
True
Suppose 5*w + 590 = -2*a - 260, -3*a = -15. Let u be (-733)/(-2) + 15/(-30). Let t = w + u. Is t a composite number?
True
Let m(q) = 149 - 27*q - 80*q - 312*q + 100*q - 369*q. Is m(-11) prime?
True
Suppose 0 = -5*f + f - 56. Is (f/(-28))/(((-1)/5042)/(-1)) a composite number?
False
Let y be (29 + -25)/(8/14). Let b be ((-24)/30)/(4/(-10)). Is (7/(49/y))/(b/8) a composite number?
True
Let n be (0/(-2))/1 + 3. Suppose -q + 112 = n*q. Let y = q - -586. Is y a composite number?
True
Let g(b) = 42272*b + 7363. Is g(15) prime?
False
Is -2 + 15 + (22158 - 8) composite?
True
Let t(v) = 2*v**2 - 4*v - 12. Let j be t(4). Is (138*(-22)/4 - j)*-1 composite?
True
Let i(s) = s**3 + 11*s**2 + 23*s - 3. Let v be i(-4). Suppose 29791 + 28128 = v*g. Is g a composite number?
False
Let a = -39 - -47. Let y(x) = -x**3 + 8*x**2 + x - 8. Let z be y(a). Suppose -2960 = -7*v + 3*v - 4*m, 4*v - 5*m - 3005 = z. Is v a prime number?
False
Suppose 39*p - 112851 = 22*p + 8*p. Is p a prime number?
True
Suppose -45*c + 1578559 = -22*c. Is c a composite number?
False
Let j = 795483 + -538952. Is j composite?
True
Let g = 2470 + 19934. Suppose c - 5621 = 3*v, 5*v - v - g = -4*c. Is c a prime number?
False
Let r be (-6)/(-9) - 644/(-42). Suppose -3*p + 1962 = 21. Is (-1 - -1)*1 - (r - p) prime?
True
Let h = -262820 - -494469. Is h prime?
False
Suppose 3*v - 1612 = 8177. Let f = v + -1446. Is f prime?
False
Let p(j) be the first derivative of 6 + 11/2*j**2 + 12*j**3 + 2*j. Is p(-9) prime?
True
Suppose 4 = 2*m - 4, 2*v + 2*m + 468 = 0. Let u = 127 + v. Let i = u + 362. Is i a prime number?
True
Let a(n) = -19*n**3 + 7*n**2 + 39*n - 601. Is a(-44) composite?
False
Suppose -133 = -2*g + g. Let n = g + -30. Let k = 690 - n. Is k a composite number?
False
Let f be 1/2 - (11 + 816344/16). Let y = f - -75867. Is y a composite number?
True
Let c(l) = -l**3 - 4*l**2 - 2*l - 5. Let v be c(-4). Suppose -5*y = 4*y. Suppose y = v*w - 881 + 128. Is w composite?
False
Suppose -3*q - 3*j = -4*j + 230966, -q + 3*j = 76986. Is (6/(-9))/(22/q) composite?
False
Let w be (2*2/12)/((-2)/498). Let q = 550 + w. Let r = 765 - q. Is r prime?
False
Let l = -158 + 160. Suppose 481 = 5*k - l*k + 4*q, 0 = 2*k + 5*q - 309. Is k a composite number?
False
Let s(p) = -2197*p**3 - 17*p**2 - 10*p - 115. Is s(-7) a prime number?
